 -330203 + 4434?
-320214
In base 5, what is -1233342221332 - 4?
-1233342221341
In base 7, what is 5 - -43663605?
43663613
In base 15, what is -5cadd9 - 4?
-5caddd
In base 11, what is 8452 - a93?
746a
In base 3, what is -2212222021112 + -11?
-2212222021200
In base 16, what is 66 + -65a09?
-659a3
In base 8, what is -1577 + 71004?
67205
In base 2, what is -11001100111000100100111 - -10?
-11001100111000100100101
In base 8, what is 1310476 - 44?
1310432
In base 6, what is 1220242300 - 20?
1220242240
In base 7, what is -1 - 6604423?
-6604424
In base 15, what is -2682 - 14ee?
-3b81
In base 11, what is -9129 - -51?
-9088
In base 8, what is -14767372 + 17?
-14767353
In base 16, what is 1bd + 10d3?
1290
In base 10, what is -18188 - 22618?
-40806
In base 7, what is 4 + -100240660?
-100240653
In base 10, what is 31598075 - -5?
31598080
In base 11, what is -2aa87198 + 5?
-2aa87193
In base 14, what is 1 - -58bc6b?
58bc6c
In base 6, what is 4 - 304251440?
-304251432
In base 14, what is 7014b815 + 5?
7014b81a
In base 13, what is 47337aa - 8?
47337a2
In base 8, what is -70 - 23647?
-23737
In base 12, what is -210 + 154a912?
154a702
In base 6, what is -12050503520 + -2?
-12050503522
In base 6, what is -11 - 51202125?
-51202140
In base 2, what is -1 - -110110100110011011000001?
110110100110011011000000
In base 12, what is 2a16b706 + -1?
2a16b705
In base 4, what is -22 - 3203311021?
-3203311103
In base 12, what is -156 - -1382a0?
138146
In base 6, what is 230052 + 14?
230110
In base 2, what is 11110001101111000101110011010 - -1?
11110001101111000101110011011
In base 12, what is 109 + -11913?
-11806
In base 3, what is -22111 + -1120221201?
-1121021012
In base 16, what is -255 - -4e9b5?
4e760
In base 3, what is -1102201100020 - -11022?
-1102201011221
In base 3, what is -1010212 + -220200221?
-221211210
In base 8, what is -516 + 203500?
202762
In base 9, what is -5 - 6440231?
-6440236
In base 2, what is -1010110 - -10001101011110000100?
10001101011100101110
In base 7, what is 624 + 16451?
20405
In base 5, what is 221324440 + 2043?
221332033
In base 11, what is -5 - 19874a3?
-19874a8
In base 12, what is 9aa35 - 3a?
9a9b7
In base 2, what is 1111011111001001100010000 + 0?
1111011111001001100010000
In base 2, what is -1011010110 + -11000010011011101?
-11000011110110011
In base 15, what is -25be9 - -8b?
-25b5d
In base 7, what is 0 + -245556641?
-245556641
In base 9, what is 13756641 + 15?
13756656
In base 8, what is 11205 - -476?
11703
In base 3, what is -12 + 1121200122020201?
1121200122020112
In base 16, what is -1d9256 + 3?
-1d9253
In base 8, what is -401 + -10445267?
-10445670
In base 3, what is 100002122120 + -101?
100002122012
In base 3, what is 210011000 + 10222?
210021222
In base 7, what is -43 + 36635542?
36635466
In base 11, what is 4 - 92341?
-92338
In base 11, what is -1 + a234364?
a234363
In base 11, what is 1a3a7a6 - -63?
1a3a859
In base 2, what is 1010011100010001 + 1001111001?
1010100110001010
In base 10, what is 1442801 - 45?
1442756
In base 11, what is -6662 - -11227?
5675
In base 16, what is 5 - 200f1a?
-200f15
In base 3, what is -202012112 - 2001020?
-211020202
In base 12, what is 0 - 7478620?
-7478620
In base 6, what is 254344134 + -3?
254344131
In base 8, what is 4675 + 1061?
5756
In base 14, what is 3 - 70cd38d?
-70cd38a
In base 6, what is -11123 - 151555?
-203122
In base 16, what is -8 + 38af23?
38af1b
In base 10, what is 108886 - -49?
108935
In base 2, what is -11010010010100 + 11010000100?
-10111000010000
In base 5, what is 22 + 301040431?
301041003
In base 13, what is -2 - -b80b05a?
b80b058
In base 12, what is 1009 - -217a?
3187
In base 15, what is -6d69a37 - 2?
-6d69a39
In base 16, what is -6060 + 1f?
-6041
In base 16, what is -17 - -b6178?
b6161
In base 16, what is 0 + -37ff315?
-37ff315
In base 11, what is -a85 - 7115?
-809a
In base 15, what is 5261a - 2c3?
52347
In base 16, what is -1fa71 - 35?
-1faa6
In base 4, what is 2033223231012210 + -2?
2033223231012202
In base 16, what is 17e7 - -122e6?
13acd
In base 4, what is 231231302 + -30133?
231201103
In base 4, what is 3 - 10311302?
-10311233
In base 16, what is -9a4f6 - 0?
-9a4f6
In base 14, what is 2 - 178902cd?
-178902cb
In base 11, what is 30a - 7769?
-745a
In base 4, what is 3 + 1103031001?
1103031010
In base 11, what is -6 + -580194?
-58019a
In base 12, what is 3 - -31870b5a?
31870b61
In base 8, what is 4407112 - -212?
4407324
In base 7, what is 20050 - -10516?
30566
In base 5, what is -2 + 11003231142?
11003231140
In base 16, what is 67 - -c31c?
c383
In base 11, what is -157a392a + 4?
-157a3926
In base 8, what is -34432 + -11466?
-46120
In base 11, what is -4136a - 21?
-41390
In base 10, what is -19 - -562551?
562532
In base 16, what is -3d3df + e2?
-3d2fd
In base 12, what is 0 + -715a59?
-715a59
In base 2, what is -11010010 + -1000001011011010?
-1000001110101100
In base 14, what is 3a37a4d + -7?
3a37a46
In base 15, what is c1 - 235c7?
-23506
In base 8, what is 667 + 2015055?
2015744
In base 3, what is 110221 + -101221120021?
-101221002100
In base 16, what is -3 + -30a2b6?
-30a2b9
In base 5, what is -1110302312130 - 1?
-1110302312131
In base 12, what is -23 - 182079b?
-1820802
In base 12, what is -21aa - -601?
-17a9
In base 16, what is -6d3d8 + 41d?
-6cfbb
In base 2, what is 100101111001011110 + -101?
100101111001011001
In base 14, what is 28c - -1001?
128d
In base 16, what is -4eee - 1f8?
-50e6
In base 5, what is -2211042403 + -11?
-2211042414
In base 10, what is 3406 - -854?
4260
In base 15, what is -9 + -913152?
-91315b
In base 12, what is -105649 + 24a?
-1053bb
In base 6, what is -35552 + -22341?
-102333
In base 9, what is 773523 + -2211?
771312
In base 5, what is -310144044 - -11?
-310144033
In base 6, what is 12 + 404345410?
404345422
In base 15, what is 150c1e7 + -2?
150c1e5
In base 13, what is -1 - -b6b848?
b6b847
In base 10, what is -5206471 - -11?
-5206460
In base 13, what is -3 - 9ac344?
-9ac347
In base 13, what is -2c - -3926?
38c7
In base 9, what is 32426 - 4276?
27140
In base 16, what is -4 + 6ff698b?
6ff6987
In base 5, what is -3 - -320434431114?
320434431111
In base 3, what is -1222202 - 21010010012?
-21012002221
In base 14, what is 68db99 - -9?
68dba4
In base 13, what is -301 + -147?
-448
In base 6, what is -302312 + -5250?
-312002
In base 10, what is -3 - -60230488?
60230485
In base 3, what is 2122201200 + -1000?
2122200200
In base 4, what is -1222323 - 222132?
-2111121
In base 10, what is 8522252 + -24?
8522228
In base 7, what is 5 + -51310220?
-51310212
In base 16, what is ac5149 + -1?
ac5148
In base 6, what is -4 - 101041425?
-101041433
In base 11, what is -1157 - 196897?
-197a43
In base 5, what is 143021334 + 1420?
143023304
In base 8, what is -15 - 125503?
-125520
In base 2, what is -11110000010110100100 - 1000100101?
-11110000011111001001
In base 2, what is -100111111101101000 - 1110101?
-100111111111011101
In base 7, what is 3 + 1346246306?
1346246312
In base 11, what is 5 - 1484830?
-1484826
In base 9, what is -5 + -5304885?
-5305001
In base 13, what is -a75a0c + -89?
-a75a98
In base 11, what is -18404a1 + -15?
-1840506
In base 4, what is -330 - -22221010?
22220020
In base 15, what is 136 + 7cc3?
7e09
In base 10, what is 5 + -308565?
-308560
In base 16, what is -32b50d + -27?
-32b534
In base 16, what is -652 + -b3a5?
-b9f7
In base 4, what is 12303 + -222201?
-203232
In base 13, what is 3 - -720649a?
72064a0
In base 6, what is -52334 + -1150555?
-1243333
In base 5, what is -24321134 + -31132?
-24402321
In base 12, what is -2641a023 - 4?
-2641a027
In base 15, what is 4c + 8ac2c?
8ac79
In base 12, what is 211a - 38a?
1950
In base 8, what is -230165111 - 0?
-230165111
In base 3, what is 2212 - 21122010?
-21112021
In base 2, what is 1110011100001000101010 - -100?
1110011100001000101110
In base 15, what is -188d - -1ac?
-16d1
In base 2, what is -1110000100001001 - 1100001010100?
-1111100101011101
In base 13, what is 659 + -4c29?
-45a0
In base 15, what is -31c751 - 30?
-31c781
In base 12, what is 303277 - 1367?
301b10
In base 12, what is 483a5 - 3b?
48366
In base 15, what is 11806 + 9d?
118a4
In base 13, what is 2a8507 + c5?
2a85cc
In base 2, what is -1000000111 - -1010111101110?
1001111100111
In base 10, what is -256 + -194482?
-194738
In base 9, what is 262 + -